-5). Calculate the greatest common divisor of 27 and d.
3
Let m be 17 + -8 - (-1 + 4). Let o(h) = 5*h - 66. Let s be -1 + 2/4 + (-703)/(-38). Let j be o(s). Calculate the highest common factor of m and j.
6
Suppose 0 = 5*b - w - 724, -5*b = -8*b - 3*w + 420. Suppose 0 = -3*p + 2*s + 390, 0*p - b = -p - 4*s. What is the greatest common factor of p and 48?
12
Suppose 2*x + 23005 = 7*z, 23*x - 21*x = 4*z - 13144. Calculate the greatest common factor of 519 and z.
173
Suppose -32*g = 38*g - 80850. Calculate the highest common divisor of g and 420.
105
Let h = 2829 - 2486. What is the greatest common factor of 35 and h?
7
Let h(l) = l**3 + 3*l**2 + 5. Suppose 2*o + 26 = 20. Let w be h(o). Suppose 2*t = -w*m + 12, 3*m + m = 5*t - 30. What is the highest common factor of t and 24?
6
Suppose -84 = 471*s - 472*s - 2*x, -2*s + 2*x + 132 = 0. Calculate the highest common divisor of 824 and s.
8
Let f be 1482/24 + ((-130)/8)/(-13). What is the greatest common factor of 351 and f?
9
Let g = -814 - -248. Let s = g + 944. Let q = s - 170. Calculate the highest common factor of 26 and q.
26
Suppose -13*a + 8*a + 20 = 0. Suppose -3*h + 40 = g, 2*g - 67 = a*h + 43. What is the greatest common factor of g and 392?
49
Let j = -47332 + 47549. Suppose -45 + 10 = -5*k. What is the greatest common factor of j and k?
7
Suppose -71*y + 3*j = -67*y - 40, 2*y - j = 24. What is the highest common divisor of y and 71?
1
Let h(n) = -102*n - 98. Let b be h(-14). Calculate the greatest common factor of 57 and b.
19
Let o be (-3)/(3/(-253)) - -11. Calculate the greatest common factor of 891 and o.
33
Let g = -2817 + 3961. Calculate the greatest common factor of 16 and g.
8
Let h = 19 - 6. Let p(u) = -u + 121. Let j be p(h). Calculate the highest common factor of 24 and j.
12
Suppose 59 = 5*n - 4*r, 46 = 3*n - r + 5. Calculate the greatest common divisor of 9 and n.
3
Let v be (-52*2)/(-1) - 0. Suppose -27*b - 1872 = -15*b. Let j be b/(-15)*(-15)/(-6). What is the highest common factor of j and v?
26
Let a = -11704 - -11851. Suppose 5*m + 2*u = 500, 4*m + 0*u = -u + 397. What is the highest common divisor of m and a?
49
Let p be (-138)/92*(-3)/(18/56). Suppose -22 = p*j - 16*j. Calculate the greatest common factor of j and 77.
11
Let n be (248/(-7))/((-86)/301). What is the highest common divisor of 1519 and n?
31
Let y(a) = 48 - 4*a - 47 - 3*a**2 - 21 + 2*a**3 - 3*a**3. Let u be y(-6). What is the highest common divisor of u and 48?
16
Let i = 65 - 39. Suppose -4*w = -3*v + 20 + 74, -3*w = 4*v - 142. Let a = v - i. Calculate the greatest common factor of 8 and a.
8
Let o be (((-231)/22)/(-21))/(4/48*1). What is the highest common divisor of o and 4962?
6
Let s = -510 - -510. Suppose s = -2*d - 24 + 100. Calculate the greatest common factor of 171 and d.
19
Suppose -71521*h + 71538*h = 9061. Calculate the highest common divisor of 656 and h.
41
Suppose 3*w = 10 + 38. Suppose -4*x + 0*f + 2*f = -w, -4*x = 4*f - 40. Let g = 5092 + -5091. What is the greatest common divisor of x and g?
1
Suppose -2*c - 8 + 20 = 0, -5*k = -2*c - 4293. What is the highest common factor of 84 and k?
21
Let m(y) = y + 10. Let d be m(-5). Suppose 5*g = -4*r - 860, 0 = -r - g - 344 + 130. Let c = r - -230. What is the greatest common factor of d and c?
5
Suppose 0 = -3*x + 4*w - 68, x + 3*x + 5*w + 132 = 0. Let r = x + 27. Let d be (((-7)/((-7)/16))/(-1))/r. Calculate the highest common factor of 40 and d.
8
Let b(t) = t**2 - 27*t - 121. Let n be b(31). Suppose -n*g + 329 = 149. Let o be -2*1/(-2)*15. Calculate the highest common factor of o and g.
15
Let x = 5793 - 5765. Calculate the greatest common divisor of x and 860.
4
Let s = 57 - -195. Let a(f) = f**3 + 23*f**2 + 55*f + 329. Let v be a(-21). What is the highest common divisor of v and s?
28
Suppose 5*p - 61 = -1. Let j be (2156*8/80)/2 + (-4)/(-20). What is the greatest common divisor of j and p?
12
Let i(d) = 18*d**2 + 5*d**3 - 47*d - 8 - 8*d**3 + 4*d**3. Let b be (-86)/4 + (-3)/(-2). Let y be i(b). Calculate the greatest common divisor of y and 88.
44
Let b be 2/10 + (-72)/(-40). Let m = 11283 - 11274. Calculate the highest common factor of b and m.
1
Let j be 10 - 12/(2 + 1). Suppose 0*l = j*l. Suppose -6*m + 180 + 480 = l. Calculate the highest common factor of m and 10.
10
Suppose 19*l + 747 = 22*l. Let o = l - 104. What is the highest common factor of 29 and o?
29
Let c be 12*2*7/8. Suppose -9*m + m + 0*m = 0. Suppose m = -51*y + 492 + 579. Calculate the highest common divisor of c and y.
21
Suppose -4*x + 524 = 2*j, j + 5*x - 265 = -0*x. Let l = j - 249. What is the highest common divisor of 176 and l?
11
Suppose -3*i - 18 = -30. Let j(k) = -116*k - 58*k + 31*k + i*k + 1. Let f be j(-1). Calculate the greatest common factor of 56 and f.
28
Let y be (164/20 + -6)*5. Suppose p = -y*p + 480. What is the greatest common factor of p and 5?
5
Let f(h) = 9*h - 8. Let b be 1/(2 + 0 - 6/4). Let s be f(b). Suppose -14 = -k + 3*l - 3, -k - 3*l = 1. What is the greatest common factor of s and k?
5
Let f be (((-150)/120)/(1/(-20)))/((-24)/(-648)). Calculate the highest common divisor of 4455 and f.
135
Suppose -10*u = -534 - 236. Suppose -2*h - 2*m = -24, -3*h + 3*m - 25 = -31. Calculate the highest common divisor of u and h.
7
Let a be (-5 + (-206)/8)*4. Let l = -136 - a. Let r be (l - -4)/3*6/(-9). Calculate the highest common factor of r and 6.
2
Let s(z) = -6*z + 30. Let t be s(5). Let n be 1 - (t - 0 - 9). Suppose 107 = n*u - 93. What is the highest common factor of u and 30?
10
Suppose 72*v + 18*v - 11371 = -47*v. Calculate the highest common factor of v and 2407.
83
Let t(s) = 4*s - 20. Let y be t(11). Let p(w) = w + 21. Let l be p(11). Calculate the greatest common factor of y and l.
8
Let h = 53 - 49. Let g be 37 + (-20102)/(-115) + (-2)/10*-1. Calculate the greatest common divisor of g and h.
4
Let b(r) = r**3 + 12*r**2 - 21*r + 9. Let n be b(-13). Let i be 20/(-10) + n - (5 + 1). Calculate the greatest common divisor of 63 and i.
21
Let v be (4 - -1)/10*(491 + 1). Suppose 3*b = 3*y + 45, 2*b = -2*b + 3*y + 57. What is the highest common factor of v and b?
6
Let r(h) = 553*h + 3555. Let m be r(16). What is the highest common divisor of m and 157?
157
Let l = 6472 + -6437. Calculate the greatest common divisor of 945 and l.
35
Suppose -2*i - 5*a + 16 = -38, 3*i - 68 = -a. Calculate the greatest common factor of i and 23518.
22
Suppose 57*y - 1060 + 200 = 14*y. What is the greatest common factor of 11150 and y?
10
Suppose -7*a + 6*a = 3*a - 4. Calculate the greatest common factor of 125 and a.
1
Let d(s) = -10*s**3 - 2*s**2 - s. Let k be d(-1). Suppose 2*z + z - k = 0. Let c be (2760/630)/(-46)*-63. Calculate the highest common divisor of z and c.
3
Suppose 2*p = 5*z - 26 - 25, 2*z - 2*p = 18. Let l = z + -8. Suppose -45*x + 4 + 3 = -83. Calculate the greatest common factor of l and x.
1
Let h be (-4)/((-48)/18) + (-127)/(-2). Suppose 0 = 2*v + 6*b - 8*b - 62, -h = -2*v - b. Calculate the highest common divisor of 80 and v.
16
Suppose 0 = -3*h - 2*w - 14, -25*h + 3*w = -26*h. Let q be ((-8)/(48/h))/((-2)/(-124)). What is the greatest common divisor of 2 and q?
2
Let v be ((-10)/6)/((-29)/(-87)) + 40. Suppose 3*m + 2*m - 3*c = v, 0 = 2*m - 3*c - 14. Calculate the highest common factor of m and 1.
1
Suppose -n + 56 = -4*t - 69, 5*n = 4*t + 129. Let m be (-2)/t - 2944/(-496). Calculate the greatest common factor of m and 6.
6
Suppose 0 = -y - 28 + 35. Suppose 673 = y*c - 517. Calculate the greatest common divisor of 10 and c.
10
Let i(z) = -10*z**3 + 4*z**2 - 28*z - 45. Let c be i(-4). What is the highest common factor of c and 3?
3
Let v = 477 - 171. Calculate the greatest common divisor of 119 and v.
17
Suppose 3*q + 0*q = 2*q + 17. What is the greatest common divisor of q and 9962?
17
Suppose 0 = 6*u - 2*u + 8. Let p be 4/2 - (2 + 2 + u). Suppose -7*x + 3*x + 16 = p. Calculate the greatest common factor of x and 8.
4
Let h = 882 + -698. Calculate the highest common factor of 128 and h.
8
Let q(k) be the third derivative of -k**5/60 - 5*k**4/24 - k**3/2 - 3*k**2. Let z be q(4). Let u = -25 - z. What is the greatest common factor of 35 and u?
7
Let g be (-22)/(-66) - (-2)/((-18)/1533). Let h = g - -177. Calculate the greatest common divisor